e 471148278?
False
Does 12 divide 851328258?
False
Is 452236377 a multiple of 26?
False
Is 1979135821 a multiple of 56?
False
Is 6730365 a multiple of 127?
True
Is 280 a factor of 63697767?
False
Is 795937966 a multiple of 1766?
True
Is 14 a factor of 2532099484?
False
Is 141 a factor of 25336572?
True
Does 106 divide 11647379?
False
Is 2147248030 a multiple of 39?
False
Is 750393799 a multiple of 89?
True
Does 3 divide 51194274?
True
Is 749 a factor of 1297498692?
True
Is 32764341 a multiple of 19?
True
Does 103 divide 12323229?
True
Does 118 divide 60712112?
False
Is 636 a factor of 90638904?
True
Is 376 a factor of 599980622?
False
Is 8027 a factor of 3515087516?
True
Is 51500284 a multiple of 419?
False
Is 27 a factor of 1673921241?
True
Is 20303832 a multiple of 12?
True
Is 207 a factor of 620890496?
False
Does 59 divide 17763233?
False
Is 6635156 a multiple of 73?
False
Is 21 a factor of 1017905406?
True
Is 5 a factor of 19756504?
False
Is 123365435 a multiple of 22?
False
Is 17 a factor of 8455040?
False
Is 15 a factor of 2160729690?
True
Does 15900 divide 5459595660?
False
Is 1631170982 a multiple of 1213?
False
Does 10 divide 123647730?
True
Is 21590119 a multiple of 66?
False
Does 1058 divide 15282227?
False
Is 48 a factor of 9762965?
False
Is 30 a factor of 409591081?
False
Is 757 a factor of 40558546?
True
Is 2 a factor of 162123497?
False
Is 30273453 a multiple of 189?
True
Does 17 divide 17734237?
False
Is 20140736 a multiple of 112?
True
Is 135128190 a multiple of 30?
True
Is 18 a factor of 4658238?
True
Does 29 divide 9430423?
True
Is 128978560 a multiple of 94?
False
Is 2732 a factor of 25443104?
False
Is 103123146 a multiple of 931?
True
Is 332 a factor of 945427436?
True
Is 8503155 a multiple of 2?
False
Is 62969030 a multiple of 21?
False
Does 81 divide 433047384?
True
Does 27 divide 1769283?
True
Is 19 a factor of 13180547?
True
Is 55 a factor of 519164201?
False
Does 10 divide 102572522?
False
Does 1313 divide 27124134?
False
Is 6 a factor of 852188550?
True
Is 26055885 a multiple of 2582?
False
Is 427900 a multiple of 10?
True
Does 3477 divide 13636794?
True
Is 1096 a factor of 421983016?
True
Is 22 a factor of 566922373?
False
Is 64939906 a multiple of 303?
False
Does 10 divide 21029099?
False
Is 35557920 a multiple of 1440?
True
Is 25 a factor of 4903051?
False
Is 16 a factor of 2294259872?
True
Is 24318738 a multiple of 1347?
True
Is 417 a factor of 121838266?
False
Does 351 divide 77183145?
True
Is 120 a factor of 1055260747?
False
Is 50 a factor of 16119557?
False
Does 36 divide 280606500?
True
Is 43057783 a multiple of 121?
False
Is 466 a factor of 268808372?
True
Is 32 a factor of 2254816608?
True
Is 73 a factor of 247158587?
False
Does 4650 divide 410790300?
True
Is 778299318 a multiple of 19?
True
Is 12430100 a multiple of 20?
True
Is 609098018 a multiple of 1292?
False
Is 4033265785 a multiple of 145?
False
Is 128 a factor of 17176459?
False
Does 603 divide 121660462?
False
Is 60667900 a multiple of 562?
True
Is 4 a factor of 2811438?
False
Is 158 a factor of 8336554?
True
Does 3 divide 755778720?
True
Is 3407338 a multiple of 122?
True
Is 3780423438 a multiple of 4569?
False
Is 42 a factor of 8339179?
False
Does 23 divide 7096972?
True
Does 192 divide 15027264?
True
Is 20 a factor of 20761484?
False
Is 18 a factor of 1168601174?
False
Does 27 divide 243116721?
True
Is 833226940 a multiple of 70?
True
Is 24 a factor of 270739608?
True
Is 496 a factor of 172633792?
True
Does 1664 divide 972054765?
False
Does 908 divide 113183108?
True
Does 75 divide 50878240?
False
Is 203677969 a multiple of 11?
True
Does 533 divide 182916666?
False
Is 641 a factor of 288691016?
True
Does 4 divide 616788672?
True
Is 75071280 a multiple of 10?
True
Is 137762796 a multiple of 341?
False
Is 75157859 a multiple of 84?
False
Is 25 a factor of 833351150?
True
Does 504 divide 918682128?
True
Is 106837448 a multiple of 627?
False
Is 168077710 a multiple of 938?
False
Does 12 divide 277500977?
False
Is 1019496365 a multiple of 655?
True
Is 393 a factor of 77174196?
True
Does 954 divide 25539534?
True
Is 1713102450 a multiple of 947?
False
Is 494 a factor of 16954574?
True
Is 1166 a factor of 1147275206?
True
Is 7 a factor of 16396787?
False
Does 2 divide 234841500?
True
Does 111 divide 326826957?
True
Is 975397248 a multiple of 27?
True
Is 18 a factor of 54126396?
True
Is 20311425 a multiple of 21?
False
Does 537 divide 2662167?
False
Does 837 divide 67294531?
False
Does 3751 divide 957273955?
True
Does 161 divide 3923892?
True
Is 14747 a factor of 1542033201?
False
Is 88334637 a multiple of 2411?
False
Is 26626236 a multiple of 273?
True
Is 2811 a factor of 126849159?
False
Is 7615507 a multiple of 17?
True
Does 454 divide 761708942?
True
Does 139 divide 36865580?
True
Is 76412171 a multiple of 59?
False
Is 9 a factor of 22323960?
True
Is 729 a factor of 144950096?
False
Is 46 a factor of 81861554?
True
Is 10 a factor of 183110830?
True
Does 422 divide 20848294?
False
Does 119 divide 54641230?
True
Does 48 divide 15951406?
False
Is 114 a factor of 13404804?
True
Is 23 a factor of 577877760?
True
Does 1285 divide 6476400?
True
Is 3271115959 a multiple of 14?
False
Is 4473 a factor of 264649518?
True
Is 190314680 a multiple of 148?
True
Is 35632668 a multiple of 9?
False
Is 7394386 a multiple of 24?
False
Is 2381 a factor of 122297684?
True
Is 352 a factor of 166827584?
True
Is 22 a factor of 6536729732?
False
Does 4 divide 10384793?
False
Is 16467138 a multiple of 93?
True
Is 177611214 a multiple of 186?
True
Does 321 divide 96894171?
True
Is 2398 a factor of 1102744280?
True
Is 5557 a factor of 2208546200?
False
Is 56 a factor of 161952840?
True
Is 16 a factor of 5588411601?
False
Is 53995691 a multiple of 5?
False
Is 2 a factor of 57293456?
True
Is 5245261471 a multiple of 1790?
False
Does 1752 divide 2405820750?
False
Is 154719312 a multiple of 541?
False
Is 2240 a factor of 235400741?
False
Is 1953255668 a multiple of 28?
True
Is 154 a factor of 49324071?
False
Is 20305096 a multiple of 73?
True
Does 6 divide 30568328?
False
Is 33 a factor of 728284375?
False
Is 39 a factor of 215410816?
False
Does 127 divide 46109255?
True
Is 25 a factor of 146800125?
True
Is 104250436 a multiple of 15?
False
Is 7663821 a multiple of 17?
True
Does 5 divide 44527430?
True
Is 68052032 a multiple of 46?
True
Does 12552 divide 2347952016?
True
Is 37 a factor of 188705809?
True
Does 554 divide 5382921056?
True
Does 678 divide 2386560?
True
Does 4740 divide 1031902850?
False
Does 1429 divide 2982577362?
True
Is 15232797 a multiple of 19?
False
Is 2 a factor of 2375671?
False
Is 10402617 a multiple of 7?
False
Is 43551735 a multiple of 150?
False
Is 635 a factor of 1986675605?
True
Is 488 a factor of 20420848?
True
Is 5462 a factor of 125358362?
True
Is 14 a factor of 11682636?
True
Does 93 divide 28290731?
False
Is 1503371828 a multiple of 1489?
True
Is 37792955 a multiple of 213?
False
Is 452 a factor of 65548136?
True
Does 152 divide 2324608960?
True
Is 4013309888 a multiple of 10892?
True
Is 23060875 a multiple of 19?
False
Does 381 divide 300159874?
False
Is 165 a factor of 134605040?
False
Does 23 divide 247610847?
True
Does 2120 divide 190342080?
True
Does 14 divide 357847150?
False
Does 81 divide 847559214?
True
Does 98 divide 749709702?
True
Does 527 divide 58506475?
False
Is 2266387001 a multiple of 15?
False
Is 2338 a factor of 32248034?
True
Is 1623701643 a multiple of 14?
False
Is 100073088 a multiple of 1643?
False
Is 265172224 a multiple of 511?
False
Does 18 divide 115390284?
False
Is 80253200 a multiple of 1252?
True
Is 3 a factor of 2075964?
True
Is 171703448 a multiple of 8?
True
Is 6 a factor of 76901382?
True
Does 25 divide 799825?
True
Does 133 divide 60749672?
False
Is 23033551 a multiple of 13?
False
Is 3895 a factor of 876192719?
False
Is 114 a factor of 702640938?
True
Is 420170982 a multiple of 1078?
True
Does 23 divide 14034163?
True
Does 254 divide 475675198?
True
Is 52055741 a multiple of 10?
False
Is 371869991 a multiple of 52?
False
Is 10 a factor of 39858642?
False
Is 3714707 a multiple of 433?
True
Is 1068 a factor of 2540799768?
True
Is 14 a factor of 339229730?
True
Does 19 divide 18487874?
True
Is 1605956184 a mult